f i(3).
89
Suppose 4*h - 696 = -11*r + 9*r, h = -3*r + 1024. List the prime factors of r.
2, 5, 17
Suppose f - 5 = -0*f, f = 2*g + 29. Let c be (-4)/(-3) + (-8)/g. List the prime factors of (-8)/c*(-5 - 1).
2, 3
Let h = -98 + 115. List the prime factors of h.
17
Let s be 1/(1 + 26/(-28)). Let x = -11 + s. Suppose 5*k - 32 = -2*w + 2*k, 44 = 2*w - x*k. List the prime factors of w.
19
Let x(y) = 5*y**2 - y + 2. Let a(d) = 6*d**2 + 2. Let l(f) = 4*a(f) - 5*x(f). Let k be l(4). Suppose -k*w + 55 = 19. What are the prime factors of w?
2, 3
Let p(j) be the second derivative of -j**4/12 + 4*j**3/3 + 5*j**2/2 - 5*j. Let f be p(7). What are the prime factors of 596/f + 2/6?
2, 5
Let j = -372 - -492. What are the prime factors of j?
2, 3, 5
Suppose -3*b + 95 + 70 = 3*n, -5*n + 251 = -b. Suppose 4*m - n - 97 = 0. List the prime factors of m.
37
Let p be (-5695)/(-68) + 2/8. Suppose -5*y - p = -3*u, -u + 4*y = 3*u - 104. List the prime factors of u.
23
Let l be (-34)/10 + (-4)/(-10). What are the prime factors of (-6)/9 - 368/l?
2, 61
List the prime factors of 4 + (586 - 0 - (-12 - -13)).
19, 31
Let k(d) = -d - 16. Let m be k(-23). List the prime factors of (1 + 0)/(m/1407).
3, 67
Let d = 9 + -9. Suppose 0*p + 2*p - 78 = 5*m, 4*p + 5*m - 186 = d. What are the prime factors of p?
2, 11
Suppose 0 = -8*x + 3*x + 15, x = 4*q - 9. Suppose 2*w - 66 = 2*c, 2*w + 3*c - 2*c - 63 = 0. Suppose q*n - w = n. List the prime factors of n.
2
Let f = -3 + 5. Let s(t) = -4*t - 5*t + f + 15*t - 5*t. List the prime factors of s(7).
3
Suppose -758 = 5*q + 3*z - 13068, 5*z - 2462 = -q. What are the prime factors of q?
2, 1231
Suppose 3*b - 4*s = 0, 0 = -10*b + 9*b - 4*s. Suppose b = p + 4*y - 102, -5*y = 2*p - 151 - 38. List the prime factors of p.
2, 41
Let n(z) = -z**3 + 7*z**2 - 5*z - 4. Let o be n(5). Let r = -18 + o. Suppose 0 = i - r*i + 16. List the prime factors of i.
2
Suppose -2*p + 5 + 7 = 0. Suppose 3*o - p*o - 72 = 0. What are the prime factors of ((-66)/(-8))/((-6)/o)?
3, 11
Suppose 16 = 4*u, -u - 1395 - 1329 = -4*d. What are the prime factors of d?
2, 11, 31
Suppose -2*d = 10 - 4, -d - 5088 = -5*s. What are the prime factors of s?
3, 113
Let q(y) = -y**2 - 11*y + 5. Let d be q(-11). What are the prime factors of (8/d)/((-8)/(-280))?
2, 7
Let i(k) = -k**3 - 37*k**2 - 9*k - 92. List the prime factors of i(-37).
241
Let h(z) be the first derivative of z**3/3 + 7*z**2/2 + 2*z + 1. Let v be h(-7). Suppose -9 + 55 = 2*m - v*f, -109 = -5*m - f. What are the prime factors of m?
2, 11
Let k(a) = -a**2 + 13*a + 1. Let y be k(13). List the prime factors of y*(3 + -1) - (-1 + -101).
2, 13
Let v(t) be the second derivative of -t**4/12 - 7*t**3/2 + 18*t**2 + 4*t. List the prime factors of v(-21).
2, 3
Let h = -15 - -39. Suppose 2*p - 2014 = -2*s, -4*p + 642 = s - 371. What are the prime factors of s/h - 1/(-8)?
2, 3, 7
Let z(d) be the second derivative of d**5/20 - 29*d**4/12 + 16*d**3/3 + 5*d**2 - 6*d. List the prime factors of z(28).
2, 61
Let x(z) = -627*z - 243. List the prime factors of x(-2).
3, 337
Suppose h = 3 + 1. Suppose 4*y - 2*x = 28, -y - 3 = h*x - 10. What are the prime factors of (-2)/y + (-535)/(-35)?
3, 5
Let a = -2 - -6. Let n be 5 + 2 - (a + -1). Suppose 2*u = n + 16. What are the prime factors of u?
2, 5
Suppose 2*c - c - 3*x = 36, c - 2*x = 36. Suppose 0 = 5*s + 3*b + 66 - 1, 5*b = 0. Let u = c + s. List the prime factors of u.
23
Let n = 38 + -41. List the prime factors of -4 + 5 + 84 - n.
2, 11
Let j = 198 + -437. Let y = j - -167. Let k = y - -103. What are the prime factors of k?
31
Suppose 7*c = 2*c. Suppose c = -w - o + 62, -211 = -5*w - 2*o + 90. List the prime factors of w.
59
Let l = 926 - 404. What are the prime factors of l?
2, 3, 29
Suppose 123 - 13 = -o. Let u = -78 - o. List the prime factors of u.
2
Let k(t) = 3*t + 2*t + 0*t**2 - t**2. Let s be k(5). Suppose 2*g - h - 29 = s, 5*g - 48 = 2*h + 25. What are the prime factors of g?
3, 5
Let o(w) = 7*w**2 + 94*w + 53. What are the prime factors of o(-22)?
1373
Let o = 1714 - 787. List the prime factors of o.
3, 103
Suppose -65981 = -27*t - 19568. What are the prime factors of t?
3, 191
Let l(q) = 3*q**2 + 42*q + 6. What are the prime factors of l(-15)?
3, 17
Let p(s) = 2*s**2 + 7*s + 2. Let q be p(-5). Suppose 1810 = q*o - 468. What are the prime factors of o?
2, 67
Let m = -37 + 37. Suppose 5*s - 2*q - 22 = m, 4*s + 2*q + q = 36. What are the prime factors of s?
2, 3
Let u be 15/(-9)*(-5 + 2). Suppose -2*r + 410 = u*k, 2*r = 7*r. What are the prime factors of k?
2, 41
Let o(u) = -u**3 - 7*u**2 + 4*u - 2. Let v be o(-8). Let b = 34 + v. List the prime factors of b.
2
Let j = -27 - 7. Let o = j - -88. What are the prime factors of o?
2, 3
Let l(i) = 3*i - 9. Let w be l(4). Let m(k) = k**w + 0*k + 2*k + 6*k - 5*k**2 + 13*k**2 - 6. What are the prime factors of m(-6)?
2, 3
Suppose 0 = -f + 2*f - 25. Suppose f*r = 20*r + 200. Suppose -r + 4 = -4*p. What are the prime factors of p?
3
Suppose -2*y + 18 = -2. Suppose f = -f + y. Suppose -f*z = 9 - 94. What are the prime factors of z?
17
Let p(n) = -n**3 - 13*n**2 + 19*n + 13. What are the prime factors of p(-15)?
2, 89
Let k be 1 - (1 + -4 + -1). Suppose 0 = -f - 5*a + 26, -k*f + 4*a - 2*a + 265 = 0. List the prime factors of f.
3, 17
Let s = 6 + -15. Let d = -29 + 52. Let j = d + s. What are the prime factors of j?
2, 7
Suppose 3315 = -8*n + 8035. List the prime factors of n.
2, 5, 59
Suppose 5*x = 0, -4*o + 1542 + 214 = -3*x. What are the prime factors of o?
439
Let v be (-12)/(-24)*(-2 - -2). Suppose 6*d - 796 - 602 = v. List the prime factors of d.
233
Let f(q) = 3*q**2 - 21*q - 38. List the prime factors of f(-14).
2, 211
Let u be 28/98 - 268/7. Let z = 1 - u. List the prime factors of z.
3, 13
Let s be 9/2 - 3/2. Let a be (s - 1) + 8 + -7. Suppose -a*l - 5*d = -0*d + 1, 10 = 2*l - 2*d. What are the prime factors of l?
3
Let j be -8*2/((-2)/(-1)). List the prime factors of 225/20 - (-2)/j.
11
Suppose 5*c - 22 - 83 = -3*i, -2*c + 23 = 5*i. Let p = c - -17. What are the prime factors of p?
41
Let q(k) = -k**2 - 6*k + 1. Let u be q(-5). Suppose -u - 6 = -n. Suppose g + n = 43. List the prime factors of g.
31
Let d(j) = 48*j - 64. List the prime factors of d(15).
2, 41
Suppose 136*p - 151*p + 16575 = 0. What are the prime factors of p?
5, 13, 17
Let g = 3067 + -1842. List the prime factors of g.
5, 7
Let q be (-14)/(-4) + 0 - (-12)/(-8). Suppose w = q*k - 23, 5*k + 2*w = 4*w + 56. List the prime factors of k.
2, 5
Let r = 37 + -61. Let k be 70/(-15)*72/28. Let z = k - r. List the prime factors of z.
2, 3
Suppose 0 = 4*k + 7*k - 3003. List the prime factors of k.
3, 7, 13
Suppose -3*o + 2 + 4 = 0. Let p be 19 - (-3 + o) - 4. List the prime factors of -56*((-28)/p - -1).
2, 3, 7
Suppose -8 - 7 = -5*o. Suppose -103 = -k + o*i, 3*k - 2*i = -0*i + 281. What are the prime factors of k?
7, 13
Suppose 0 = -17*b + 7*b + 10330. List the prime factors of b.
1033
Let s(a) be the second derivative of a**4/6 + a**3/6 - 7*a**2 - 2*a. List the prime factors of s(6).
2
Suppose 0 = -5*h + 5*i - 8*i + 11320, -2*h - 2*i = -4524. What are the prime factors of h?
2267
Suppose -4*m = j - 185, -5*m - 68 + 318 = -5*j. Let y = 8 + m. What are the prime factors of y?
5, 11
Suppose -959*g = -965*g + 7476. What are the prime factors of g?
2, 7, 89
Let g be ((-6)/4)/((-12)/24). Suppose g*f = 3*y - 318, -3*y + 0*f = 5*f - 310. List the prime factors of y.
3, 5, 7
Let m = -1416 - -2747. What are the prime factors of m?
11
Suppose 0 = 5*g - 3*s - 2*s - 6560, g = -5*s + 1288. What are the prime factors of g?
2, 3, 109
Let c = -14 - -19. Let h(j) = j**3 - 7*j**2 + 10*j - 13. Let o(m) = m**3 - 8*m**2 + 10*m - 13. Let a(n) = 3*h(n) - 2*o(n). List the prime factors of a(c).
37
Suppose -3*f + 1724 = 4*y + 69, -407 = -y - 3*f. List the prime factors of y.
2, 13
Let f be 2/(-10) - 96/(-30). Suppose -f + 115 = 4*z. List the prime factors of z.
2, 7
Suppose -k + 5 = -3*j + 4, -3*k = -2*j + 11. Let l(r) = 11*r**2 - 2*r - 2. List the prime factors of l(j).
2, 23
Let f = 17 - -18. Suppose 2*y = -3*y + f. Suppose 4*j - y - 5 = 0. What are the prime factors of j?
3
Suppose 0 = -5*w - 102 - 18. Let n = w + 65. Let x = n - 26. What are the prime factors of x?
3, 5
Let w be (16/20)/(4/10). Lis